{"id":2065,"date":"2024-04-01T22:23:01","date_gmt":"2024-04-01T22:23:01","guid":{"rendered":"https:\/\/fesisa.com\/?post_type=product&#038;p=2065"},"modified":"2025-04-30T04:35:01","modified_gmt":"2025-04-30T04:35:01","slug":"motorola","status":"publish","type":"product","link":"https:\/\/fesisa.com\/?product=motorola","title":{"rendered":"MOTOROLA"},"content":{"rendered":"<p>Con una pantalla de 6.5 pulgadas a resoluci\u00f3n HD+ y tasa de refresco de 90Hz, el Moto G13 est\u00e1 potenciado por un procesador MediaTek Helio G85 acompa\u00f1ado de 4GB de RAM con 128GB de almacenamiento interno expandible. El Moto G13 cuenta con una c\u00e1mara triple liderada por un sensor de 50MP y una c\u00e1mara selfie de 8MP, completando sus caracter\u00edsticas con una bater\u00eda de 5000 mAh con carga r\u00e1pida de 20W, parlantes stereo, sonido Dolby Atmos, lector de huellas lateral y Android 13.<\/p>\n","protected":false},"excerpt":{"rendered":"<p>Con una pantalla de 6.5 pulgadas a resoluci\u00f3n HD+ y tasa de refresco de 90Hz, el Moto G13 est\u00e1 potenciado por un procesador MediaTek Helio G85 acompa\u00f1ado de 4GB de &#8230;<\/p>\n","protected":false},"featured_media":2066,"comment_status":"open","ping_status":"closed","template":"","meta":[],"product_brand":[],"product_cat":[53],"product_tag":[],"class_list":{"0":"post-2065","1":"product","2":"type-product","3":"status-publish","4":"has-post-thumbnail","6":"product_cat-smartphones","8":"first","9":"instock","10":"shipping-taxable","11":"product-type-simple"},"_links":{"self":[{"href":"https:\/\/fesisa.com\/index.php?rest_route=\/wp\/v2\/product\/2065","targetHints":{"allow":["GET"]}}],"collection":[{"href":"https:\/\/fesisa.com\/index.php?rest_route=\/wp\/v2\/product"}],"about":[{"href":"https:\/\/fesisa.com\/index.php?rest_route=\/wp\/v2\/types\/product"}],"replies":[{"embeddable":true,"href":"https:\/\/fesisa.com\/index.php?rest_route=%2Fwp%2Fv2%2Fcomments&post=2065"}],"version-history":[{"count":3,"href":"https:\/\/fesisa.com\/index.php?rest_route=\/wp\/v2\/product\/2065\/revisions"}],"predecessor-version":[{"id":2416,"href":"https:\/\/fesisa.com\/index.php?rest_route=\/wp\/v2\/product\/2065\/revisions\/2416"}],"wp:featuredmedia":[{"embeddable":true,"href":"https:\/\/fesisa.com\/index.php?rest_route=\/wp\/v2\/media\/2066"}],"wp:attachment":[{"href":"https:\/\/fesisa.com\/index.php?rest_route=%2Fwp%2Fv2%2Fmedia&parent=2065"}],"wp:term":[{"taxonomy":"product_brand","embeddable":true,"href":"https:\/\/fesisa.com\/index.php?rest_route=%2Fwp%2Fv2%2Fproduct_brand&post=2065"},{"taxonomy":"product_cat","embeddable":true,"href":"https:\/\/fesisa.com\/index.php?rest_route=%2Fwp%2Fv2%2Fproduct_cat&post=2065"},{"taxonomy":"product_tag","embeddable":true,"href":"https:\/\/fesisa.com\/index.php?rest_route=%2Fwp%2Fv2%2Fproduct_tag&post=2065"}],"curies":[{"name":"wp","href":"https:\/\/api.w.org\/{rel}","templated":true}]}}